{"id":1595,"date":"2023-12-07T19:06:11","date_gmt":"2023-12-07T19:06:11","guid":{"rendered":"https:\/\/www.gosiastanczyk.pl\/biblioteka\/zlosc-jest-ok-copy\/"},"modified":"2023-12-16T18:33:14","modified_gmt":"2023-12-16T18:33:14","slug":"dwulatek","status":"publish","type":"page","link":"https:\/\/www.gosiastanczyk.pl\/biblioteka\/dwulatek\/","title":{"rendered":"\u017bycie z dwulatkiem. Codzienne dramaty. Edycja 2023"},"content":{"rendered":"<!--themify_builder_content-->\n<div id=\"themify_builder_content-1595\" data-postid=\"1595\" class=\"themify_builder_content themify_builder_content-1595 themify_builder tf_clear\">\n                    <div  data-lazy=\"1\" class=\"module_row themify_builder_row tb_iinw060 tb_first tf_w\">\n                        <div class=\"row_inner col_align_top tb_col_count_1 tf_box tf_rel\">\n                        <div  data-lazy=\"1\" class=\"module_column tb-column col-full tb_stzw020 first\">\n                    <!-- module image -->\n<div  class=\"module module-image tb_9c8m277 image-center   tf_mw\" data-lazy=\"1\">\n        <div class=\"image-wrap tf_rel tf_mw\">\n            <img loading=\"lazy\" decoding=\"async\" src=\"https:\/\/www.gosiastanczyk.pl\/biblioteka\/wp-content\/uploads\/2021\/04\/Webinaria-Okladki-20-600x600.png\" width=\"600\" height=\"600\" class=\"wp-post-image wp-image-1380\" title=\"Webinaria Ok\u0142adki (20)\" alt=\"Webinaria Ok\u0142adki (20)\" srcset=\"https:\/\/www.gosiastanczyk.pl\/biblioteka\/wp-content\/uploads\/2021\/04\/Webinaria-Okladki-20-600x600.png 600w, https:\/\/www.gosiastanczyk.pl\/biblioteka\/wp-content\/uploads\/2021\/04\/Webinaria-Okladki-20-300x300.png 300w, https:\/\/www.gosiastanczyk.pl\/biblioteka\/wp-content\/uploads\/2021\/04\/Webinaria-Okladki-20-150x150.png 150w, https:\/\/www.gosiastanczyk.pl\/biblioteka\/wp-content\/uploads\/2021\/04\/Webinaria-Okladki-20-768x768.png 768w, https:\/\/www.gosiastanczyk.pl\/biblioteka\/wp-content\/uploads\/2021\/04\/Webinaria-Okladki-20-221x221.png 221w, https:\/\/www.gosiastanczyk.pl\/biblioteka\/wp-content\/uploads\/2021\/04\/Webinaria-Okladki-20.png 940w\" sizes=\"auto, (max-width: 600px) 100vw, 600px\" \/>    \n        <\/div>\n    <!-- \/image-wrap -->\n    \n        <\/div>\n<!-- \/module image --><!-- module text -->\n<div  class=\"module module-text tb_r08n060  repeat \" data-lazy=\"1\">\n        <div  class=\"tb_text_wrap\">\n        <h3 style=\"text-align: left;\">\u017bycie z dwulatkiem. Codzienne dramaty.<\/h3>\n<p style=\"text-align: left;\">Webinarium dla rodzic\u00f3w i opiekun\u00f3w dzieci w wieku 1-3.<\/p>\n<p style=\"text-align: left;\">Prowadz\u0105ca: Gosia Sta\u0144czyk<\/p>\n<p style=\"text-align: left;\">Termin: 14.12.2022 o godzinie 21:00 (czwartek)<\/p>\n<p style=\"text-align: left;\">Czas trwania: ok. 1,5 h<\/p>\n<p style=\"text-align: left;\">\u2705 Czym jest tzw. \u201ebunt dwulatka\u201d i jak to przetrwa\u0107?<br><span style=\"background-color: initial;\">\u2705\u00a0<span style=\"font-size: 1em;\">Codzienne dramaty \u2013 jak towarzyszy\u0107 dwulatkowi w trudnych emocjach<br><\/span><\/span><span style=\"background-color: initial;\">\u2705\u00a0<span style=\"font-size: 1em;\">Po co tyle ba\u0142aganu?<br><\/span><\/span><span style=\"background-color: initial;\">\u2705\u00a0<span style=\"font-size: 1em;\">O co tyle ha\u0142asu?<br><\/span><\/span><span style=\"background-color: initial;\">\u2705\u00a0<span style=\"font-size: 1em;\">Dwulatek i jedzenie<br><\/span><\/span><span style=\"background-color: initial;\">\u2705\u00a0<span style=\"font-size: 1em;\">Jak wyj\u015b\u0107 z domu? Jak wyj\u015b\u0107 z placu zabaw? Trzylatek i jego priorytety.<\/span><\/span><\/p>\n<p style=\"text-align: left;\">Je\u015bli jeste\u015b rodzicem dziecka w wieku od 1 do 3 lat, najprawdopodobniej do\u015bwiadczasz intensywno\u015bci dzieci\u0119cej: rado\u015bci, smutku i frustracji, w r\u00f3\u017cnych proporcjach i kombinacjach. Okolice drugiego roku \u017cycia to wyj\u0105tkowy czas w rozwoju, kiedy dziecko zyskuje \u015bwiadomo\u015b\u0107 odr\u0119bno\u015bci cia\u0142a, umys\u0142u i woli. Potrzebuje przeciwstawi\u0107 si\u0119 nam i pod\u0105\u017ca\u0107 za sob\u0105, a jednocze\u015bnie bardzo potrzebuje naszego towarzyszenia.<span style=\"background-color: initial; font-size: 1em;\">\u00a0<\/span><\/p>\n<p style=\"text-align: left;\">Je\u015bli czujesz, \u017ce potrzebujesz wsparcia, wymiany z innymi rodzicami i informacji, kt\u00f3re pozwol\u0105 Ci lepiej rozumie\u0107 i efektywnie wspiera\u0107 dziecko, zapraszam Ci\u0119 na to webinarium.<\/p>\n<p style=\"text-align: left;\">\u00a0<span style=\"background-color: initial; font-size: 1em;\">Dla wszystkich zapisanych os\u00f3b b\u0119dzie dost\u0119pne nagranie.<\/span><span style=\"background-color: initial; font-size: 1em;\">\u00a0<\/span><\/p>\n<p style=\"text-align: left;\"><b>Uwaga: to jest nowa edycja webinarium, kt\u00f3re ju\u017c prowadzi\u0142am w zesz\u0142ych latach.<\/b><span style=\"background-color: initial; font-size: 1em;\"><br><\/span><\/p>    <\/div>\n<\/div>\n<!-- \/module text --><!-- module text -->\n<div  class=\"module module-text tb_ampj074  repeat \" data-lazy=\"1\">\n        <div  class=\"tb_text_wrap\">\n        <p style=\"text-align: left;\">Mo\u017cesz zapisa\u0107 si\u0119 na to webinarium (i uzyska\u0107 dost\u0119p do nagrania) na 2 sposoby:<\/p>\n<p style=\"text-align: left;\">1. Dost\u0119p wy\u0142\u0105cznie do tego webinarium (udzia\u0142 na \u017cywo+nagranie) &#8211; <b>49 z\u0142 &#8211; jednorazowo<\/b><br>2. Dost\u0119p do tego webinarium <b>wraz z subskrybcyjnym dost\u0119pem do archiwum nagra\u0144 moich kilkudziesi\u0119ciu webinar\u00f3w dla rodzic\u00f3w &#8211; 49 z\u0142 miesi\u0119cznie (mo\u017cliwo\u015b\u0107 anulowania w dowolnym momencie).<\/b><\/p>    <\/div>\n<\/div>\n<!-- \/module text --><!-- module buttons -->\n<div  class=\"module module-buttons tb_fhdr074 buttons-horizontal solid  xlarge circle\" data-lazy=\"1\">\n        <div class=\"module-buttons-item tf_in_flx\">\n                        <a href=\"#zima\" class=\"ui builder_button tf_in_flx green\" >\n                                                Zapisuj\u0119 si\u0119                                        <\/a>\n                <\/div>\n            <\/div>\n<!-- \/module buttons -->\n        <\/div>\n                        <\/div>\n        <\/div>\n                        <div  data-lazy=\"1\" class=\"module_row themify_builder_row tb_jt8o764 tf_w\">\n                        <div class=\"row_inner col_align_top tb_col_count_2 tf_box tf_rel\">\n                        <div  data-lazy=\"1\" class=\"module_column tb-column tb_vxcz402 first\">\n                    <!-- module image -->\n<div  class=\"module module-image tb_d4i3642 image-top   tf_mw\" data-lazy=\"1\">\n        <div class=\"image-wrap tf_rel tf_mw\">\n            <img loading=\"lazy\" decoding=\"async\" src=\"https:\/\/gosiastanczyk.pl\/jesien\/wp-content\/uploads\/2019\/06\/Zrzut-ekranu-2018-06-02-o-20.51.54.png\" width=\"1750\" height=\"1434\" title=\"\u017bycie z dwulatkiem. Codzienne dramaty. Edycja 2023\" alt=\"\u017bycie z dwulatkiem. Codzienne dramaty. Edycja 2023\">    \n        <\/div>\n    <!-- \/image-wrap -->\n    \n        <\/div>\n<!-- \/module image -->        <\/div>\n                    <div  data-lazy=\"1\" class=\"module_column tb-column tb_pakl087 last\">\n                    <!-- module text -->\n<div  class=\"module module-text tb_mz3r604   \" data-lazy=\"1\">\n        <div  class=\"tb_text_wrap\">\n        <h3>Gosia Sta\u0144czyk<\/h3>\n<p>Jestem psychologiem, mam\u0105 trojga dzieci. Wspieram rodzic\u00f3w i nauczycieli w poszukiwaniu wiedzy, narz\u0119dzi i sposob\u00f3w na satysfakcjonuj\u0105cy, oparty na szacunku kontakt z dzie\u0107mi. Udzielam\u00a0konsultacji psychologicznych w Bliskim Miejscu w Warszawie, prowadz\u0119 warsztaty dla rodzic\u00f3w,\u00a0<a href=\"http:\/\/www.gosiastanczyk.pl\/webinaria\/\" target=\"_blank\" rel=\"noopener\">webinaria<\/a>\u00a0i superwizyjne spotkania dla nauczycieli. Pisz\u0119\u00a0blog po\u015bwi\u0119cony sprawom rodzicielstwa i rozwoju:\u00a0<a href=\"http:\/\/www.gosiastanczyk.pl\/\" target=\"_blank\" rel=\"noopener\">www.gosiastanczyk.pl<\/a>.\u00a0<\/p>    <\/div>\n<\/div>\n<!-- \/module text -->        <\/div>\n                        <\/div>\n        <\/div>\n                        <div  data-anchor=\"zima\" data-lazy=\"1\" class=\"module_row themify_builder_row tb_has_section tb_section-zima tb_a6ib222 tf_w\">\n                        <div class=\"row_inner col_align_top tb_col_count_2 tf_box tf_rel\">\n                        <div  data-lazy=\"1\" class=\"module_column tb-column col4-2 tb_h237260 first\">\n                    <div  id=\"tb_8r35764\" class=\"module module-pricing-table ui tb_8r35764 rounded gradient red  tf_textc tf_rel tf_w pricing-enlarge\" data-lazy=\"1\">\n\t\t\n\t\n    <div class=\"module-pricing-table-header tf_rel ui red rounded gradient\" >\n\t\t\t\t\t<span class=\"module-pricing-table-title tf_block tf_w\">\n\t\t\t\t\t\t\t\t<span>Polecana oferta<\/span>\n\t\t\t<\/span>\n\t\t\t\t\t\t\t<span class=\"module-pricing-table-price tf_block tf_w\">49 Z\u0141 \/ miesi\u0105c<\/span>\n\t\t\t\t\t\t\t<p class=\"module-pricing-table-reccuring-fee\">odnawialna subskrybcja<\/p>\n\t\t\t\t\t\t\t<p class=\"module-pricing-table-description\">Webinarium \u201e\u017bycie z dwulatkiem. Codzienne dramaty.\" + Subskrybcyjny dost\u0119p do archiwum<\/p>\n\t\t    <\/div><!-- .module-pricing-table-header -->\n    <div class=\"module-pricing-table-content tf_box tf_w\">\n\t\t\t\t\t\t\t\t\t\t\t\t\t\t<div class=\"module-pricing-table-features\">Mo\u017clwo\u015b\u0107 udzia\u0142u na \u017cywo (14.12.2023 o 21:00)<\/div>\n\t\t\t\t\t\t\t\t\t\t\t\t\t\t\t\t<div class=\"module-pricing-table-features\">Dost\u0119p do nagrania (+mp3)<\/div>\n\t\t\t\t\t\t\t\t\t\t\t\t\t\t\t\t<div class=\"module-pricing-table-features\">Dost\u0119p do archiwum webinar\u00f3w na miesi\u0105c \u2013 odnawialny automatycznie co miesi\u0105c do momentu anulowania<\/div>\n\t\t\t\t\t\t\t\t\t\t\t\t\t\t\t\t<div class=\"module-pricing-table-features\">W archiwum 5 dzia\u0142\u00f3w:<\/div>\n\t\t\t\t\t\t\t\t\t\t\t\t\t\t\t\t<div class=\"module-pricing-table-features\">Relacje w rodzinie (14 webinar\u00f3w)<\/div>\n\t\t\t\t\t\t\t\t\t\t\t\t\t\t\t\t<div class=\"module-pricing-table-features\">Zrozumie\u0107 dziecko (9 webinar\u00f3w)<\/div>\n\t\t\t\t\t\t\t\t\t\t\t\t\t\t\t\t<div class=\"module-pricing-table-features\">Dzieci i emocje (12 webinar\u00f3w)<\/div>\n\t\t\t\t\t\t\t\t\t\t\t\t\t\t\t\t<div class=\"module-pricing-table-features\">Rodzice (9 webinar\u00f3w)<\/div>\n\t\t\t\t\t\t\t\t\t\t\t\t\t\t\t\t<div class=\"module-pricing-table-features\">Rozw\u00f3j (6 webinar\u00f3w)<\/div>\n\t\t\t\t\t\t\t\t\t\t\t\t\t\t\t\t\t\t\t\t\t\t\t\t\t\t\t\t\t\t\t<a class=\"module-pricing-table-button tf_rel ui red rounded gradient\" href=\"https:\/\/easl.ink\/BoO3g\">\n\t\t\t\tKUPUJ\u0118 W SUBSKRYBCJI<br>49 Z\u0141 CO MIESI\u0104C \n\t\t\t<\/a> \n\t\t    <\/div><!-- .module-pricing-table-content -->\n\t<\/div><!-- \/module pricing-table -->\n        <\/div>\n                    <div  data-lazy=\"1\" class=\"module_column tb-column col4-2 tb_r1ac077 last\">\n                    <div  id=\"tb_2ezz600\" class=\"module module-pricing-table ui tb_2ezz600 rounded gradient light-blue  tf_textc tf_rel tf_w\" data-lazy=\"1\">\n\t\t\n\t\n    <div class=\"module-pricing-table-header tf_rel ui light-blue rounded gradient\" >\n\t\t\t\t\t\t\t<span class=\"module-pricing-table-price tf_block tf_w\">49 PLN \/ JEDNORAZOWO<\/span>\n\t\t\t\t\t\t\t\t\t<p class=\"module-pricing-table-description\">\u017bycie z dwulatkiem. Codzienne dramaty.<\/p>\n\t\t    <\/div><!-- .module-pricing-table-header -->\n    <div class=\"module-pricing-table-content tf_box tf_w\">\n\t\t\t\t\t\t\t\t\t\t\t\t\t\t<div class=\"module-pricing-table-features\">Webinarium &#8222;\u017bycie z dwulatkiem. Codzienne dramaty.&#8221;<\/div>\n\t\t\t\t\t\t\t\t\t\t\t\t\t\t\t\t<div class=\"module-pricing-table-features\">Mo\u017clwo\u015b\u0107 udzia\u0142u na \u017cywo (14.12.2023 o 21:00)<\/div>\n\t\t\t\t\t\t\t\t\t\t\t\t\t\t\t\t<div class=\"module-pricing-table-features\">Dost\u0119p do nagrania (+mp3)<\/div>\n\t\t\t\t\t\t\t\t\t\t\t\t\t\t\t\t\t\t\t\t\t\t\t\t\t\t\t\t\t\t\t<a class=\"module-pricing-table-button tf_rel ui light-blue rounded gradient\" href=\"https:\/\/platformarozwojowa.pl\/zamowienie\/?add-to-cart=213114&price-id=1\">\n\t\t\t\tKUPUJ\u0118 POJEDYNCZE WEBINARIUM<br>49 Z\u0141 JEDNORAZOWO \n\t\t\t<\/a> \n\t\t    <\/div><!-- .module-pricing-table-content -->\n\t<\/div><!-- \/module pricing-table -->\n        <\/div>\n                        <\/div>\n        <\/div>\n        <\/div>\n<!--\/themify_builder_content-->","protected":false},"excerpt":{"rendered":"<p>\u017bycie z dwulatkiem. Codzienne dramaty. Webinarium dla rodzic\u00f3w i opiekun\u00f3w dzieci w wieku 1-3. Prowadz\u0105ca: Gosia Sta\u0144czyk Termin: 14.12.2022 o godzinie 21:00 (czwartek) Czas trwania: ok. 1,5 h \u2705 Czym jest tzw. \u201ebunt dwulatka\u201d i jak to przetrwa\u0107?\u2705\u00a0Codzienne dramaty \u2013 jak towarzyszy\u0107 dwulatkowi w trudnych emocjach\u2705\u00a0Po co tyle ba\u0142aganu?\u2705\u00a0O co tyle ha\u0142asu?\u2705\u00a0Dwulatek i jedzenie\u2705\u00a0Jak wyj\u015b\u0107 [&hellip;]<\/p>\n","protected":false},"author":1,"featured_media":0,"parent":0,"menu_order":0,"comment_status":"closed","ping_status":"closed","template":"","meta":{"_monsterinsights_skip_tracking":false,"_monsterinsights_sitenote_active":false,"_monsterinsights_sitenote_note":"","_monsterinsights_sitenote_category":0,"footnotes":""},"class_list":["post-1595","page","type-page","status-publish","hentry","has-post-title","has-post-date","has-post-category","has-post-tag","has-post-comment","has-post-author",""],"builder_content":"<img src=\"https:\/\/www.gosiastanczyk.pl\/biblioteka\/wp-content\/uploads\/2021\/04\/Webinaria-Okladki-20-600x600.png\" width=\"600\" height=\"600\" title=\"Webinaria Ok\u0142adki (20)\" alt=\"Webinaria Ok\u0142adki (20)\" srcset=\"https:\/\/www.gosiastanczyk.pl\/biblioteka\/wp-content\/uploads\/2021\/04\/Webinaria-Okladki-20-600x600.png 600w, https:\/\/www.gosiastanczyk.pl\/biblioteka\/wp-content\/uploads\/2021\/04\/Webinaria-Okladki-20-300x300.png 300w, https:\/\/www.gosiastanczyk.pl\/biblioteka\/wp-content\/uploads\/2021\/04\/Webinaria-Okladki-20-150x150.png 150w, https:\/\/www.gosiastanczyk.pl\/biblioteka\/wp-content\/uploads\/2021\/04\/Webinaria-Okladki-20-768x768.png 768w, https:\/\/www.gosiastanczyk.pl\/biblioteka\/wp-content\/uploads\/2021\/04\/Webinaria-Okladki-20-221x221.png 221w, https:\/\/www.gosiastanczyk.pl\/biblioteka\/wp-content\/uploads\/2021\/04\/Webinaria-Okladki-20.png 940w\" sizes=\"(max-width: 600px) 100vw, 600px\" \/>\n<h3 style=\"text-align: left;\">\u017bycie z dwulatkiem. Codzienne dramaty.<\/h3> <p style=\"text-align: left;\">Webinarium dla rodzic\u00f3w i opiekun\u00f3w dzieci w wieku 1-3.<\/p> <p style=\"text-align: left;\">Prowadz\u0105ca: Gosia Sta\u0144czyk<\/p> <p style=\"text-align: left;\">Termin: 14.12.2022 o godzinie 21:00 (czwartek)<\/p> <p style=\"text-align: left;\">Czas trwania: ok. 1,5 h<\/p> <p style=\"text-align: left;\">\u2705 Czym jest tzw. \u201ebunt dwulatka\u201d i jak to przetrwa\u0107?<br>\u2705\u00a0Codzienne dramaty \u2013 jak towarzyszy\u0107 dwulatkowi w trudnych emocjach<br>\u2705\u00a0Po co tyle ba\u0142aganu?<br>\u2705\u00a0O co tyle ha\u0142asu?<br>\u2705\u00a0Dwulatek i jedzenie<br>\u2705\u00a0Jak wyj\u015b\u0107 z domu? Jak wyj\u015b\u0107 z placu zabaw? Trzylatek i jego priorytety.<\/p> <p style=\"text-align: left;\">Je\u015bli jeste\u015b rodzicem dziecka w wieku od 1 do 3 lat, najprawdopodobniej do\u015bwiadczasz intensywno\u015bci dzieci\u0119cej: rado\u015bci, smutku i frustracji, w r\u00f3\u017cnych proporcjach i kombinacjach. Okolice drugiego roku \u017cycia to wyj\u0105tkowy czas w rozwoju, kiedy dziecko zyskuje \u015bwiadomo\u015b\u0107 odr\u0119bno\u015bci cia\u0142a, umys\u0142u i woli. Potrzebuje przeciwstawi\u0107 si\u0119 nam i pod\u0105\u017ca\u0107 za sob\u0105, a jednocze\u015bnie bardzo potrzebuje naszego towarzyszenia.\u00a0<\/p> <p style=\"text-align: left;\">Je\u015bli czujesz, \u017ce potrzebujesz wsparcia, wymiany z innymi rodzicami i informacji, kt\u00f3re pozwol\u0105 Ci lepiej rozumie\u0107 i efektywnie wspiera\u0107 dziecko, zapraszam Ci\u0119 na to webinarium.<\/p> <p style=\"text-align: left;\">\u00a0Dla wszystkich zapisanych os\u00f3b b\u0119dzie dost\u0119pne nagranie.\u00a0<\/p> <p style=\"text-align: left;\"><b>Uwaga: to jest nowa edycja webinarium, kt\u00f3re ju\u017c prowadzi\u0142am w zesz\u0142ych latach.<\/b><br><\/p>\n<p style=\"text-align: left;\">Mo\u017cesz zapisa\u0107 si\u0119 na to webinarium (i uzyska\u0107 dost\u0119p do nagrania) na 2 sposoby:<\/p> <p style=\"text-align: left;\">1. Dost\u0119p wy\u0142\u0105cznie do tego webinarium (udzia\u0142 na \u017cywo+nagranie) - <b>49 z\u0142 - jednorazowo<\/b><br>2. Dost\u0119p do tego webinarium <b>wraz z subskrybcyjnym dost\u0119pem do archiwum nagra\u0144 moich kilkudziesi\u0119ciu webinar\u00f3w dla rodzic\u00f3w - 49 z\u0142 miesi\u0119cznie (mo\u017cliwo\u015b\u0107 anulowania w dowolnym momencie).<\/b><\/p>\n<a href=\"#zima\" > Zapisuj\u0119 si\u0119 <\/a>\n<img src=\"https:\/\/gosiastanczyk.pl\/jesien\/wp-content\/uploads\/2019\/06\/Zrzut-ekranu-2018-06-02-o-20.51.54.png\" width=\"1750\" height=\"1434\" title=\"\u017bycie z dwulatkiem. Codzienne dramaty. Edycja 2023\" alt=\"\u017bycie z dwulatkiem. Codzienne dramaty. Edycja 2023\">\n<h3>Gosia Sta\u0144czyk<\/h3> <p>Jestem psychologiem, mam\u0105 trojga dzieci. Wspieram rodzic\u00f3w i nauczycieli w poszukiwaniu wiedzy, narz\u0119dzi i sposob\u00f3w na satysfakcjonuj\u0105cy, oparty na szacunku kontakt z dzie\u0107mi. Udzielam\u00a0konsultacji psychologicznych w Bliskim Miejscu w Warszawie, prowadz\u0119 warsztaty dla rodzic\u00f3w,\u00a0<a href=\"http:\/\/www.gosiastanczyk.pl\/webinaria\/\" target=\"_blank\" rel=\"noopener\">webinaria<\/a>\u00a0i superwizyjne spotkania dla nauczycieli. Pisz\u0119\u00a0blog po\u015bwi\u0119cony sprawom rodzicielstwa i rozwoju:\u00a0<a href=\"http:\/\/www.gosiastanczyk.pl\/\" target=\"_blank\" rel=\"noopener\">www.gosiastanczyk.pl<\/a>.\u00a0<\/p>\nPolecana oferta 49 Z\u0141 \/ miesi\u0105c <p>odnawialna subskrybcja<\/p> <p>Webinarium \u201e\u017bycie z dwulatkiem. Codzienne dramaty.\" + Subskrybcyjny dost\u0119p do archiwum<\/p> Mo\u017clwo\u015b\u0107 udzia\u0142u na \u017cywo (14.12.2023 o 21:00) Dost\u0119p do nagrania (+mp3) Dost\u0119p do archiwum webinar\u00f3w na miesi\u0105c \u2013 odnawialny automatycznie co miesi\u0105c do momentu anulowania W archiwum 5 dzia\u0142\u00f3w: Relacje w rodzinie (14 webinar\u00f3w) Zrozumie\u0107 dziecko (9 webinar\u00f3w) Dzieci i emocje (12 webinar\u00f3w) Rodzice (9 webinar\u00f3w) Rozw\u00f3j (6 webinar\u00f3w) <a href=\"https:\/\/easl.ink\/BoO3g\"> KUPUJ\u0118 W SUBSKRYBCJI<br>49 Z\u0141 CO MIESI\u0104C <\/a>\n49 PLN \/ JEDNORAZOWO <p>\u017bycie z dwulatkiem. Codzienne dramaty.<\/p> Webinarium \"\u017bycie z dwulatkiem. Codzienne dramaty.\" Mo\u017clwo\u015b\u0107 udzia\u0142u na \u017cywo (14.12.2023 o 21:00) Dost\u0119p do nagrania (+mp3) <a href=\"https:\/\/platformarozwojowa.pl\/zamowienie\/?add-to-cart=213114&price-id=1\"> KUPUJ\u0118 POJEDYNCZE WEBINARIUM<br>49 Z\u0141 JEDNORAZOWO <\/a>","_links":{"self":[{"href":"https:\/\/www.gosiastanczyk.pl\/biblioteka\/wp-json\/wp\/v2\/pages\/1595","targetHints":{"allow":["GET"]}}],"collection":[{"href":"https:\/\/www.gosiastanczyk.pl\/biblioteka\/wp-json\/wp\/v2\/pages"}],"about":[{"href":"https:\/\/www.gosiastanczyk.pl\/biblioteka\/wp-json\/wp\/v2\/types\/page"}],"author":[{"embeddable":true,"href":"https:\/\/www.gosiastanczyk.pl\/biblioteka\/wp-json\/wp\/v2\/users\/1"}],"replies":[{"embeddable":true,"href":"https:\/\/www.gosiastanczyk.pl\/biblioteka\/wp-json\/wp\/v2\/comments?post=1595"}],"version-history":[{"count":15,"href":"https:\/\/www.gosiastanczyk.pl\/biblioteka\/wp-json\/wp\/v2\/pages\/1595\/revisions"}],"predecessor-version":[{"id":1611,"href":"https:\/\/www.gosiastanczyk.pl\/biblioteka\/wp-json\/wp\/v2\/pages\/1595\/revisions\/1611"}],"wp:attachment":[{"href":"https:\/\/www.gosiastanczyk.pl\/biblioteka\/wp-json\/wp\/v2\/media?parent=1595"}],"curies":[{"name":"wp","href":"https:\/\/api.w.org\/{rel}","templated":true}]}}